{"id":3897,"date":"2017-04-04T21:16:57","date_gmt":"2017-04-04T21:16:57","guid":{"rendered":"http:\/\/amdhparis.org\/wordpress\/?page_id=3897"},"modified":"2017-04-13T21:39:41","modified_gmt":"2017-04-13T21:39:41","slug":"dates-cles","status":"publish","type":"page","link":"http:\/\/amdhparis.org\/wordpress\/?page_id=3897","title":{"rendered":"Dates cl\u00e9s"},"content":{"rendered":"<p>&nbsp;<\/p>\n<p><span style=\"font-weight: 400;\">Depuis sa cr\u00e9ation le 24 juin 1979, quatre phases ont jalonn\u00e9 l\u2019histoire de l\u2019AMDH\u00a0:<\/span><\/p>\n<h4><b>De 1979 \u00e0 fin 1983<\/b><\/h4>\n<p><span style=\"font-weight: 400;\">Mise en place d\u2019un certain nombre de sections et d\u00e9but d\u2019une action dynamique stopp\u00e9e par la r\u00e9pression.<\/span><\/p>\n<h4><b>De 1984 \u00e0 1988 <\/b><\/h4>\n<p><span style=\"font-weight: 400;\">P\u00e9riode de stagnation et de gel des activit\u00e9s de l\u2019AMDH \u00e0 cause de la r\u00e9pression dirig\u00e9e contre l\u2019association et plusieurs de ses dirigeants et militants.<\/span><\/p>\n<h4><b>De 1988 \u00e0 fin 1991<\/b><\/h4>\n<p>P<span style=\"font-weight: 400;\">hase de renouveau et de mise en place de la strat\u00e9gie de l\u2019AMDH bas\u00e9e sur des principes et une orientation claires\u00a0; tenue du 2<\/span><span style=\"font-weight: 400;\">e<\/span><span style=\"font-weight: 400;\">\u00a0Congr\u00e8s national de l\u2019AMDH en mars 1989 et de son 3<\/span><span style=\"font-weight: 400;\">e<\/span><span style=\"font-weight: 400;\">\u00a0Congr\u00e8s national en d\u00e9cembre 1991.<\/span><\/p>\n<h4><b>De fin 1991 \u00e0 nos jours \u00a0<\/b><\/h4>\n<p><span style=\"font-weight: 400;\">P\u00e9riode d\u2019ascension et de d\u00e9veloppement de l\u2019AMDH qui a tenu r\u00e9guli\u00e8rement ses congr\u00e8s tous les 3 ans<\/span><\/p>\n<p><img loading=\"lazy\" decoding=\"async\" class=\"wp-image-4027 alignnone\" src=\"http:\/\/amdhparis.org\/wordpress\/wp-content\/uploads\/2017\/04\/53193272.jpg\" alt=\"\" width=\"261\" height=\"369\" srcset=\"http:\/\/amdhparis.org\/wordpress\/wp-content\/uploads\/2017\/04\/53193272.jpg 509w, http:\/\/amdhparis.org\/wordpress\/wp-content\/uploads\/2017\/04\/53193272-212x300.jpg 212w\" sizes=\"auto, (max-width: 261px) 100vw, 261px\" \/><img loading=\"lazy\" decoding=\"async\" class=\"wp-image-4028 alignnone\" src=\"http:\/\/amdhparis.org\/wordpress\/wp-content\/uploads\/2017\/04\/14-g.png\" alt=\"\" width=\"551\" height=\"368\" srcset=\"http:\/\/amdhparis.org\/wordpress\/wp-content\/uploads\/2017\/04\/14-g.png 600w, http:\/\/amdhparis.org\/wordpress\/wp-content\/uploads\/2017\/04\/14-g-300x200.png 300w\" sizes=\"auto, (max-width: 551px) 100vw, 551px\" \/><\/p>\n","protected":false},"excerpt":{"rendered":"<p>&nbsp; Depuis sa cr\u00e9ation le 24 juin 1979, quatre phases ont jalonn\u00e9 l\u2019histoire de l\u2019AMDH\u00a0: De 1979 \u00e0 fin 1983 Mise en place d\u2019un certain nombre de sections et d\u00e9but d\u2019une action dynamique stopp\u00e9e par la r\u00e9pression. De 1984 \u00e0 1988 P\u00e9riode de stagnation et de gel des activit\u00e9s de l\u2019AMDH \u00e0 cause de la [&hellip;]<\/p>\n","protected":false},"author":1,"featured_media":0,"parent":0,"menu_order":0,"comment_status":"closed","ping_status":"closed","template":"","meta":{"footnotes":""},"class_list":["post-3897","page","type-page","status-publish","hentry"],"post_mailing_queue_ids":[],"_links":{"self":[{"href":"http:\/\/amdhparis.org\/wordpress\/index.php?rest_route=\/wp\/v2\/pages\/3897","targetHints":{"allow":["GET"]}}],"collection":[{"href":"http:\/\/amdhparis.org\/wordpress\/index.php?rest_route=\/wp\/v2\/pages"}],"about":[{"href":"http:\/\/amdhparis.org\/wordpress\/index.php?rest_route=\/wp\/v2\/types\/page"}],"author":[{"embeddable":true,"href":"http:\/\/amdhparis.org\/wordpress\/index.php?rest_route=\/wp\/v2\/users\/1"}],"replies":[{"embeddable":true,"href":"http:\/\/amdhparis.org\/wordpress\/index.php?rest_route=%2Fwp%2Fv2%2Fcomments&post=3897"}],"version-history":[{"count":4,"href":"http:\/\/amdhparis.org\/wordpress\/index.php?rest_route=\/wp\/v2\/pages\/3897\/revisions"}],"predecessor-version":[{"id":4029,"href":"http:\/\/amdhparis.org\/wordpress\/index.php?rest_route=\/wp\/v2\/pages\/3897\/revisions\/4029"}],"wp:attachment":[{"href":"http:\/\/amdhparis.org\/wordpress\/index.php?rest_route=%2Fwp%2Fv2%2Fmedia&parent=3897"}],"curies":[{"name":"wp","href":"https:\/\/api.w.org\/{rel}","templated":true}]}}